. What is the tens digit of g(7)?
3
What is the units digit of (-19)/(-3) + 3/(-9)?
6
Let m(k) be the first derivative of k**2/2 + 15*k - 4. Let b(r) = r - 8. Let v be b(0). What is the units digit of m(v)?
7
Suppose -4*c = -2*c - 40. Suppose 3*o - 4 = 5*s + 12, 5*o - 5*s = c. What is the units digit of o/((-33)/39 + 1)?
3
Suppose -2*z + 2*t + 14 = 0, -2*z - 3*t + t + 2 = 0. Suppose -p + 21 = n, 4*n + 10 = z*p - 98. What is the units digit of p?
4
Suppose -4*w + 3*y = -15, w - 13 = -3*w + y. Suppose -8 = -c + w*d, 4*d + 1 - 3 = -5*c. What is the units digit of c?
2
Suppose -43 = 3*x + 41. Let w be (-74)/(-14) + 8/x. Suppose -h = h - w*i - 53, 15 = -3*i. What is the tens digit of h?
1
Suppose 13 - 1 = 4*n. Let b = n - -1. Let q = 7 + b. What is the units digit of q?
1
Let o(w) = w**3 + 6*w**2 + 3*w + 2. Let f(v) = v + 2. Let g be f(3). Let s = 1 - g. What is the units digit of o(s)?
2
Suppose 24 = 3*m - 12. Let l be (-9)/2*8/m. What is the units digit of (2/l)/((-4)/18)?
3
Let p(n) = n**3 + 13*n**2 - 14*n. Let b be p(-14). Suppose 3*y - 1 - 35 = b. What is the units digit of y?
2
Let j(y) = -32*y**2 + 6*y - 3. Let p(q) = -11*q**2 + 2*q - 1. Let x(f) = -6*j(f) + 17*p(f). What is the tens digit of x(-2)?
2
Suppose 153 = 5*l + 5*p - 177, 0 = -5*l + 4*p + 285. What is the tens digit of l?
6
Suppose -3*u = u + 2*r - 152, 2*r + 48 = u. What is the units digit of ((-24)/u)/((-1)/5)?
3
Suppose -17 - 1 = -2*k. What is the tens digit of k/4*120/10?
2
Suppose -2*w + 4*k - 4 = -6*w, k = -5*w + 5. Suppose w + 1 = 2*o. What is the units digit of (-15)/6*o*-2?
5
Let k(n) = 4*n**2 - 9*n + 3. Let q(f) = 7*f**2 - 17*f + 6. Let w(m) = 5*k(m) - 3*q(m). What is the units digit of w(5)?
2
What is the units digit of (-2 + 1 - 0)*-32*3?
6
Let c be 2/(-6) + 1/3. Suppose -o + 7 = -2*q - 3*q, c = 2*o - q - 14. What is the units digit of o?
7
Suppose -q = -4 + 3. Let s(c) = 12*c**2 - 2*c + 1. What is the units digit of s(q)?
1
Let d(j) = j**3 + 4*j**2 + j - 4. Let b be d(-3). Suppose 1 = -0*m - m. Let s = b + m. What is the units digit of s?
1
Let u(x) = -3*x**3 - x. Let m be u(-1). Suppose r = -m*r - 45. Let g = 20 + r. What is the tens digit of g?
1
Let w = 0 - 3. Let y(m) be the first derivative of -m**3/3 - 2*m**2 + m + 1. What is the units digit of y(w)?
4
Suppose -c - 3*n + 0*n = -14, 4*c = -3*n + 56. Suppose 0 = f - 4 - c. What is the units digit of f?
8
What is the tens digit of (-7)/(28/(-12)) + 13?
1
Let k be (2/(-3))/((-2)/9). Suppose 0*t - 4 = -2*t. Suppose 7 = t*d - b, 0*b = -k*d - 2*b + 14. What is the units digit of d?
4
Let k = -84 - -120. What is the units digit of k?
6
Let t(a) = a**3 - a**2 + a - 1. Let z be t(2). What is the units digit of z + (3 - 2) + 1?
7
Let k be (33/9)/(1/(-12)). Let w = k - -64. What is the units digit of w?
0
Let h(y) = 2*y**3 - 4*y**2 + 3*y - 2. Let p be h(2). Suppose 3*s = 2*s - p. What is the units digit of 76/18 - s/(-18)?
4
Let m be 1/(-1) + (-3)/(-1). Suppose -3*y = -m*y - 2. What is the units digit of y?
2
Let n(y) = -2*y + y + 2 + 0*y. Let p be n(-6). Let f = p - -3. What is the tens digit of f?
1
Let y(v) = -v**2 - 8*v + 2. Let q be y(-8). Suppose 3*t + 4 = o, -q*t = -9*o + 4*o + 33. What is the units digit of o?
7
Suppose 4 = -3*a + 7. What is the units digit of a?
1
Suppose 2*x = x + 3*a + 3, 0 = x + 5*a + 13. Let j(b) = 4*b**2 + 3*b - 4. What is the units digit of j(x)?
3
Suppose -4*z + 8 = 2*j, -2*z + z = -3*j - 16. Suppose 3*t - 28 = -4*v, -z*t - 6*v + 4*v + 34 = 0. What is the units digit of (-15)/20 + 142/t?
7
Let h(d) = 7*d + 8. What is the units digit of h(6)?
0
Suppose -5*g = -4*t - 3, -2*t + 14 = g + 5. Let o(x) be the first derivative of x**4/4 - 2*x**3/3 - x**2 - 2*x - 1. What is the units digit of o(t)?
1
Suppose m = 2*m. Let n(u) = m*u - 1 + u**2 - 4 - u + 16. What is the tens digit of n(0)?
1
Suppose -137 - 6 = -3*o + 4*u, 225 = 5*o - 4*u. Let d = o + -28. What is the units digit of d?
3
Let b(s) = -4*s - 5. What is the tens digit of b(-7)?
2
Let w(b) = b**3 + 10*b**2 + 9*b + 8. Let v be w(-9). Suppose -2*a + v = -a. What is the units digit of a?
8
What is the tens digit of 3/(3/37)*1?
3
Suppose f + 4*f + 26 = 4*s, -3*f = -4*s + 22. Suppose -s*w = -5*z - 19, 2*z + 9 = -z. What is the units digit of w?
1
Let v be (-52)/(-16) - (-2)/(-8). What is the tens digit of 1 + (-3)/v - -25?
2
Suppose 2*b - 70 = 4*h, 2*h + 38 = b + h. What is the tens digit of b?
4
Suppose 4*d + 6 = -6, -3*d = -2*p + 23. Suppose 6 = s + 3. Suppose p*c - 52 = s*c. What is the units digit of c?
3
Let r(a) = 0*a - 2*a + a. Let i = -14 + 10. What is the units digit of r(i)?
4
Suppose 12*p - 130 = 7*p. What is the units digit of p?
6
Suppose -5*y + 185 + 0 = 0. What is the tens digit of y?
3
Suppose 3*c - 29 - 79 = 0. Suppose f - 5*b + c = 2*f, -3*f = -b - 28. What is the units digit of f?
1
Let b(m) = m**3 - 3*m**2 - 2*m - 4. Let t be b(4). Suppose 2*v = -2*r - 16, -t*r + 6 = -5*v - 7. What is the units digit of (-6)/r*(2 + 3)?
0
Let p(m) = m**3 - 4*m**2 + 4*m - 1. Let w be p(3). Suppose -4*s - 8 = 3*n - 115, 0 = 2*s + w*n - 54. What is the units digit of s?
6
Let h(w) = -4*w - 1. Let b be h(-3). Suppose 3*o + 5 + 0 = -4*t, 3*o = 2*t - b. What is the units digit of t?
1
Let s(a) = -a**2 - 8*a - 1. Let t be s(-7). Let b be ((-3)/(-4))/((-2)/(-8)). Let y = t - b. What is the units digit of y?
3
Let k = -1 - -3. Suppose 0 = -k*t, -4*t - 1 = 5*x - 21. What is the units digit of x?
4
What is the units digit of (-64)/(-6) - (-7)/21?
1
Let y(z) = 8*z. Let f be y(-3). What is the units digit of f*-1*(-2 - -3)?
4
Let b(z) = -z + 10. Let q be b(5). Suppose 0 = -i + 3 + q. What is the units digit of i?
8
Let c(q) = -2*q + 12. What is the units digit of c(-6)?
4
Let i(q) = q**3 + 13*q**2 + 4*q - 2. Let a be i(-12). Let b = -53 + a. What is the tens digit of b?
4
Suppose -t - 2*t - k + 35 = 0, 2*k = -2*t + 30. Let z(m) = -m**2 + 11*m + 5. What is the tens digit of z(t)?
1
What is the tens digit of 6/(-21) + ((-2258)/(-14) - 2)?
5
Let q = 165 + -141. What is the units digit of q?
4
Let p(m) = 15*m**2 + 2*m. Let k be p(2). Let r = -16 + k. Suppose -3*l + r = l. What is the units digit of l?
2
Suppose -2*b + 3*r + 0*r - 17 = 0, -5*b - 45 = -5*r. Let h be 27/(-2) - 1/2. What is the units digit of h/b + 4/(-10)?
1
Let w = 6 + -5. Let r = 6 + w. Suppose -r*c + 3*c = 2*l + 8, -c = 3. What is the units digit of l?
2
Suppose 0 = -q - 5*i + 50, 4*q + 73 - 216 = -i. What is the units digit of q?
5
Let v(f) = f - 7. Let q(k) = -1. Let u(z) = 5*q(z) - v(z). What is the units digit of u(-6)?
8
Let w be 4/(-12) + 1/3. Let q be (-1)/(-1)*(-63)/7. Let k = w - q. What is the units digit of k?
9
What is the hundreds digit of (-1 + 1/(-3))/((-1)/102)?
1
Let d(g) = g**3 + 2*g**2 - g - 3. Let t be d(4). Suppose 5*q - 72 = 2*z + 97, 0 = -3*q - 5*z + t. What is the tens digit of q?
3
Let c(b) = b + 15. What is the units digit of c(12)?
7
Let u = 2 + -4. Let v = 8 + u. Suppose i - 1 = v. What is the units digit of i?
7
Suppose 4*t - 823 - 41 = 0. What is the units digit of t?
6
Let a be 3/7 + (-78)/(-14). Let b(h) = h**3 - 5*h**2 - 4*h - 6. What is the units digit of b(a)?
6
Suppose 0 = z - 4 - 8. What is the tens digit of z?
1
Let c be 6 - (-1 + 6 + -3). Suppose c*n = 102 + 58. What is the tens digit of n?
4
Let f = 22 - 13. Let m = f + -6. Suppose 6*o - m*o = 12. What is the units digit of o?
4
Suppose -5*j = 3*z - 0*z - 250, 5*j - 5*z - 290 = 0. What is the units digit of j?
3
Let j(i) be the first derivative of i**4/6 + i**3/3 + 3*i**2/2 + 3*i + 1. Let u(m) be the first derivative of j(m). What is the units digit of u(-2)?
7
Let l = 28 - -100. What is the units digit of l?
8
Let p = 22 - 19. Suppose 3*g + 4*i - 119 = -0*g, -3*g + 84 = -p*i. What is the units digit of g?
3
Let s(y) = -2 + 3 - 5*y + 5 - y**2. Let v be s(-6). Suppose -7*x + 3*w = -2*x - 29, 2*x - 3*w - 17 = v. What is the units digit of x?
4
Suppose 3*n + 17 = 4*f - 39, 0 = 4*f - 2*n - 52. Let u(q) = q**2 - 7*q - 16. What is the tens digit of u(f)?
2
Suppose 3*l + 10 + 11 = 0. Let d = 11 - l. What is the tens digit of d?
1
Let a = -162 - -295. What is the units digit of 4/18 + a/9?
5
Let i(m) = m + 10 - m + m. What is the tens digit of i(0)?
1
Suppose -12*z + 1851 = -153. What is the hundreds digit of